 Let f be i(-9). Calculate the remainder when 18 is divided by j(f).
8
What is the remainder when 2/(-2) - (-13 - 10/5) is divided by 8?
6
Let x(j) = j**3 + 3*j**2 - 3*j - 3. Let p be x(-4). Let q(t) = -t**2 - 9*t + 1. What is the remainder when q(p) is divided by 4?
3
Let f(z) = -z + 3. Let t be f(3). Suppose a = -2*n + 3, t*n = a + n - 7. Calculate the remainder when a is divided by 7.
4
Let i(g) = 2*g. What is the remainder when 39 is divided by i(10)?
19
Let n = -6 + 11. Suppose -n = 3*q - 20. What is the remainder when q is divided by 3?
2
Let b be 1816 - 2 - 2/2. Let z be 2/(-6) - b/(-21). Let i = z - 54. What is the remainder when i is divided by 11?
10
Suppose -70 = -4*n + 2. Let r(q) = -q**2 - 4*q + 19. What is the remainder when n is divided by r(-6)?
4
Suppose -a = 3*a. Suppose 0 = 3*b + 3*r - 21 - a, 45 = 5*b - 5*r. Suppose b = 5*k - 17. What is the remainder when k is divided by 2?
1
Let z = 10 + -5. Let s = 32 + z. What is the remainder when s is divided by 13?
11
Suppose t + 15 = -n, 5*t = 2*n - 0*t + 9. Let l = 0 - n. Let i = 7 - 0. What is the remainder when l is divided by i?
5
Let y(h) = h**2 + 7*h + 6. Let q(a) = -2*a + 15. Let s be q(11). Let f be y(s). Let w = f + -1. What is the remainder when 8 is divided by w?
3
Let j = -7 - -9. Suppose -4*n = j*o - 3*n - 48, 0 = 3*o - 4*n - 72. Calculate the remainder when o is divided by 13.
11
Let s = 6 + -2. Let l be 52/2 + s/2. Suppose 4*b - 2*b - l = 0. Calculate the remainder when 25 is divided by b.
11
Let j(w) = w**2 + 2*w - 13. Calculate the remainder when j(-8) is divided by 12.
11
Suppose 2*l = 12 + 2. Suppose 0 = 6*c - 4*c - 86. Suppose 4 = -3*t + c. What is the remainder when t is divided by l?
6
Let k = 38 + -59. Let c = 50 + k. Let h(y) = -y**3 + 6*y**2 - 2*y. Calculate the remainder when c is divided by h(5).
14
Suppose 11 = -2*r + 3*r - 4*i, 2*r = -2*i - 28. Calculate the remainder when 4 is divided by 8/3 + 6/r.
0
Suppose 2*v + v = 2*m + 264, 4*v = 5*m + 653. Let x = 186 + m. What is the remainder when x is divided by 15?
12
Let n(h) = -h + 2. Suppose 4*z + 18 = z. Let k be n(z). Let d = 24 + k. Calculate the remainder when d is divided by 17.
15
Let r(z) = -z**2 - 3. Let h be r(-3). Let m = h - -15. Suppose 24 = 4*u - 0*u. Calculate the remainder when u is divided by m.
0
Suppose 5*j + 79 = 5*d + 24, 5*j = -2*d + 29. Let a be 3*1*(-40)/(-15). Let c = d - a. Calculate the remainder when 7 is divided by c.
3
Let f(j) = -j - 1. Let k be f(-1). Suppose s + k - 20 = 0. Calculate the remainder when 38 is divided by s.
18
Suppose 6 = 2*h - 4. Suppose 0 = 4*t - 6*t - h*i - 4, 2*i + 8 = 0. Calculate the remainder when 13 is divided by t.
5
Suppose 12 = 2*j - 5*j. Let b(w) = -2*w - 2. Let x(y) = -y**2 - 12*y - 4. Calculate the remainder when x(-9) is divided by b(j).
5
Let d be (-4)/28 - (-36)/7. Suppose 5*a = -2*o + 50, 0 = -0*a - d*a - 4*o + 60. Calculate the remainder when 23 is divided by a.
7
Suppose 2*y - 43 - 1 = -4*p, 3*y - 64 = -5*p. Calculate the remainder when y is divided by 10.
8
Let l(p) = -20*p + 3. Calculate the remainder when 111 is divided by l(-1).
19
Let g(b) = 5*b**3 + 7*b**2 + 3*b - 3. Let s(w) = w**3 - 1. Let j(t) = g(t) - 6*s(t). What is the remainder when j(5) is divided by 23?
22
Calculate the remainder when 20 is divided by ((-112)/14)/((-2)/(-2)*-1).
4
Let s(t) = 10*t + 309. Calculate the remainder when s(0) is divided by 26.
23
Suppose 5*t - 2*l - 4 = 6, 5*t + 5*l = 10. What is the remainder when t is divided by (-8)/(-12) + 1/3?
0
What is the remainder when 0 + ((-140)/(-2) - -4) is divided by 25?
24
Let c(x) = -3*x + 9. Let n be c(-7). Suppose 3*a + 0*a - n = 0. Calculate the remainder when a is divided by 4.
2
Let a = -23 - -33. Calculate the remainder when 14 is divided by a.
4
Suppose -30 - 6 = -2*i. Calculate the remainder when i is divided by 11.
7
Let l be 27/5 - (-18)/(-45). Suppose 2*d = 3*v + 15 + 66, l*d - 2*v = 197. What is the remainder when d is divided by 20?
19
Suppose -6 - 14 = -4*v. Let f = 341 - 322. Calculate the remainder when f is divided by v.
4
Let j = 7 + -5. What is the remainder when 5 is divided by -1 + 4*(3 - j)?
2
Let a be 4/(-10) - 298/5. Let p = -43 - a. Calculate the remainder when 49 is divided by p.
15
Suppose -2*s + m + 80 = -0*m, -s = -5*m - 40. Let v = 33 - 68. What is the remainder when s is divided by 14/(-35)*(0 + v)?
12
Let a(w) = -w**3 - 4*w**2 - 3*w + 1. Let r be a(-3). Let u = r + 1. What is the remainder when (-3)/u*-2*7 is divided by 11?
10
What is the remainder when 167 is divided by (-78)/(-4) - 5/((-20)/6)?
20
What is the remainder when 63 is divided by (16/3)/((-12)/(-36))?
15
Let q be 26/(-4) - (-2)/4. Calculate the remainder when 1/q - 254/(-12) is divided by 12.
9
Let u(h) = -h**3 - h**2 - 10*h - 9. Suppose -2*r = -4, -3*g + 88 + 366 = -4*r. Calculate the remainder when g is divided by u(-3).
37
Let n = -1 + -6. Let c(p) = 5*p - 14. Let w(y) = -4*y + 13. Let h(v) = 5*c(v) + 6*w(v). Calculate the remainder when 1 is divided by h(n).
0
Let g = 0 + -2. What is the remainder when 4/(0 - g/7) is divided by 5?
4
Let k = -3 - -15. Let u = -1 - 6. Let l(f) = -3*f. What is the remainder when l(u) is divided by k?
9
Let u(d) = -d**3 - 4*d**2 + 4*d + 4. Let n = 31 + -13. Let j = n + -13. What is the remainder when u(-5) is divided by j?
4
Suppose 108 = -5*x - 3*i + 533, -3*x - 2*i = -256. Calculate the remainder when x is divided by ((-3)/2)/((-6)/112).
26
Let p be 16*(-2)/(-4)*-1. What is the remainder when 28 is divided by ((-10)/p)/(3/24)?
8
Let y be (-89)/4 - 1/(-4). Let q = 6 - y. Calculate the remainder when q is divided by 15.
13
Suppose 19*j - 16*j - 54 = 0. Calculate the remainder when 88 is divided by j.
16
Suppose 64 = 3*n + 2*q, 4*n - 70 = q + 4*q. What is the remainder when 77 is divided by n?
17
Let j(z) = -z - 1. Let v be (-2 - -1)/((-2)/(-6)). Let g(p) = -p**2 + 7*p + 3. Calculate the remainder when g(7) is divided by j(v).
1
Let f(i) = i - 1. Let s be f(5). Let y be (16/(-12))/(s/6). Let d(k) = -2*k**3 + 2*k**2 - 2*k - 1. What is the remainder when d(y) is divided by 10?
7
What is the remainder when -2*1*108/(-8) is divided by 14?
13
Suppose 3*b = -6, 14 = 2*c + 3*b - 38. Calculate the remainder when c is divided by 24.
5
Let w = 2 + -5. Calculate the remainder when 5 + 1 - (5 + w) is divided by 2.
0
Let u(g) = 8*g**2 - g**3 - 3 - 5*g - 6*g + 2*g + 3*g. What is the remainder when u(6) is divided by 9?
6
Let j(u) = 18*u**2 - u - 1. Suppose 2*f = 3*f + 2. Let i be j(f). Suppose 3*d - i = 20. What is the remainder when d is divided by 16?
15
Let w be 1*(6 + (-2)/2). Suppose t - w - 2 = 0. Suppose 0 = -30*c + 22*c + 160. What is the remainder when c is divided by t?
6
Suppose 3*b = -5*u + 16, 2*u + 0 - 4 = 0. What is the remainder when 10 is divided by b?
0
Let t = -234 - -154. What is the remainder when (-2)/7 + t/(-35) is divided by 1?
0
Suppose 11*z = 6*z + 130. Let x(k) = -k**3 - k**2 + 14. Calculate the remainder when z is divided by x(0).
12
Suppose 12*u = 8*u + 108. Let y(b) = -b**3 - 6*b**2 - b - 5. Calculate the remainder when y(-7) is divided by u.
24
Let g be 14*((-21)/2)/(-3). Let c = 70 - 49. Let o = g - c. Calculate the remainder when o is divided by 10.
8
What is the remainder when 44 is divided by (-610)/(-25) - (-2)/(-5)?
20
Suppose 2*o = o, -5*a - 2*o + 15 = 0. Suppose a*b - 12 = -3. What is the remainder when 8 is divided by b?
2
Let u(a) = a - 12. Let j be u(10). Let b(c) = -5*c - 3. Suppose v - 1 = 11. Calculate the remainder when v is divided by b(j).
5
Let u(s) = s**2 + 7*s + 10. Let k(l) = l**3 + 6*l**2 + 5*l - 7. Let f be k(-5). Calculate the remainder when 17 is divided by u(f).
7
Suppose 3 + 26 = r. What is the remainder when r is divided by 10?
9
Let v be (-1*2)/((-24)/636). Let q = 74 - v. Calculate the remainder when 83 is divided by q.
20
Let u be (-11)/(-2) + (-2)/4. Suppose 0*y - 10 = u*y, -y - 117 = -5*t. Calculate the remainder when t is divided by 12.
11
Suppose 0 = -5*t - 4*x + 520, 8*t + 2*x = 3*t + 520. What is the remainder when t is divided by 36?
32
Suppose 4*q + 0 = 152. What is the remainder when q is divided by 20?
18
Let b = 3 - 3. Let z(r) = -r**2 + r + 13. What is the remainder when 37 is divided by z(b)?
11
Let n be (1 - -74)*(3 + -2). Su